4. What are the prime factors of n?
173
Let c = 2 - -1. Suppose k + 5*n - c - 1 = 0, 0 = -4*k - 5*n + 61. Suppose 0 = -3*j + 4*v - 10 + 29, k = j + 5*v. What are the prime factors of j?
3
Suppose -3*h = -2*b + 180, h = -4 - 0. What are the prime factors of b?
2, 3, 7
Suppose 0 = 4*y - 9*y. Suppose -w - 3*z + 7 = -y, -z = 4*w - 39. List the prime factors of w.
2, 5
Let h = 2 + 1. Suppose h*q = y + 7*q - 2, 0 = -2*y + 5*q + 69. List the prime factors of y.
2, 11
Let i(w) = -w**2 - 8*w - 5. Let t(b) = -2*b**2 - 9*b - 6. Let d(k) = 3*i(k) - 2*t(k). Let l be d(7). Suppose 0 = l*j - 5 - 31. What are the prime factors of j?
3
Suppose 5*j = 110 - 10. List the prime factors of j.
2, 5
List the prime factors of 1602/45 + (-2)/(-5).
2, 3
Suppose f = 3*r + 2 + 15, 16 = 3*f - 2*r. Suppose 18 = -2*o + f*q + 4, q = -5*o - 29. Let t(b) = b**3 + 5*b**2 - 7*b + 3. What are the prime factors of t(o)?
3
Let n be 3 - -1 - (-1)/1. Suppose -88 = n*q - 333. What are the prime factors of q?
7
Let g = -25 + 53. List the prime factors of g.
2, 7
Let x(n) = -2*n - 1. Let l be (-40)/12 + 2/(-3). Let m be x(l). Suppose 0 = 4*w - m*w + 33. What are the prime factors of w?
11
Let y(x) be the third derivative of x**7/5040 - x**6/180 + x**5/30 - 3*x**2. Let p(u) be the third derivative of y(u). What are the prime factors of p(8)?
2
Let p(s) = 2*s - s**3 + 4*s**2 - 4*s + 3*s**3 - 1 + 0*s**3. List the prime factors of p(2).
3
Let p(h) = h + 3. Let f be p(-2). Let k = 0 + f. What are the prime factors of k*2/(-6)*-15?
5
Let g(t) = -t**3 + 4*t**2 + 5*t + 6. Let j be g(5). What are the prime factors of (j - 2)*(-10)/(-8)?
5
Suppose 0*c + 2*c - 8 = 0, 4*p + 2*c - 808 = 0. What are the prime factors of p?
2, 5
Let y = -3 - -8. Suppose 5*b - y*x - 14 + 59 = 0, -25 = b - 5*x. List the prime factors of (6/b)/(2/(-5)).
3
Let t = 60 - 30. Suppose -h = 2*h - t. What are the prime factors of h?
2, 5
Let a(w) = 13*w**3 + w**2 - 1. Let l(v) = -v**3 - v**2 + 1. Suppose 1 + 1 = -2*c. Let z(y) = c*a(y) - 2*l(y). List the prime factors of z(-1).
11
List the prime factors of (-2)/4*-2*55.
5, 11
Let x be 8/(-6) + 4/(-6). Let h be 1*((0 - -2) + x). What are the prime factors of (1 - -1 - h)*6?
2, 3
Let z(s) = 6*s**2 - 5*s + 4. Let b(m) = -m**2 + m - 1. Let l(x) = 3*b(x) + z(x). List the prime factors of l(2).
3
Let a(v) be the first derivative of -3*v**2 + 2*v - 2. Let z be a(-2). List the prime factors of (z/4*2)/1.
7
Suppose -247 = -4*t - 79. Suppose 0 = 3*o - 18 - t. What are the prime factors of o?
2, 5
Let v = -24 - -26. Suppose -k + 150 = v*k. List the prime factors of k.
2, 5
Let s be 23/2 - (-1)/(-2). Suppose -2*m = 4*p - 2, 0*m = -2*p - 5*m - s. Suppose 48 = 5*i + 2*h, 5*i + p*h - h - 49 = 0. What are the prime factors of i?
2, 5
Suppose 0 = -3*f + 13*f - 300. List the prime factors of f.
2, 3, 5
List the prime factors of 80 - (0 - (-2 + 1)).
79
Let t = -491 - -782. What are the prime factors of t?
3, 97
List the prime factors of 1 - ((-2)/7 + (-3756)/84).
2, 23
Let b be 1/(1*(-3)/(-51)). Let f = 11 - b. What are the prime factors of 3*((-20)/f - -3)?
19
Suppose 0 = 2*w - 5*w + 93. What are the prime factors of w?
31
Let r = -16 + 20. Let n = 21 + r. List the prime factors of n.
5
Let o be ((5 - 2) + -3)/(-3). Suppose 3*f - 12 = -o*f. What are the prime factors of f?
2
What are the prime factors of (-1932)/(-10) + 12/(-60)?
193
Let p(d) = d + 5. Let s be p(-4). Suppose -s = y + 3. Let k = y - -15. List the prime factors of k.
11
Let g(n) be the second derivative of -n**5/20 - n**4/12 + n**3/2 + 3*n**2/2 + n. Let l be g(-5). What are the prime factors of l/20 - 4/10?
2
Suppose 3*d - 81 + 0 = 0. What are the prime factors of d?
3
Suppose -5*l + h = 348, 3*h = -4*l - 150 - 136. Let k = -28 - l. List the prime factors of k.
2, 3, 7
Let n(g) = 2*g. Let q be n(-2). Let o be (32/10)/(q/(-10)). Let w = o - -9. What are the prime factors of w?
17
Suppose 4 = 4*o + 3*w - 25, -5*w - 5 = 0. What are the prime factors of ((-38)/(-4))/(o/16)?
19
Suppose 5 + 0 = -j. Let y = -3 - j. What are the prime factors of y?
2
Let v = 7 + -5. Suppose 2*w = v*c - 7*c + 69, 4*w - 129 = -c. List the prime factors of w.
2
Let c = -27 + 56. List the prime factors of c.
29
Suppose 5*h = -5*d + 445, 3*h - 2*h - 1 = 0. List the prime factors of d.
2, 11
Let y = -9 - -16. Let c = -3 + y. Suppose -5*m + 4*j - 5*j = -14, c*m + 4*j = 8. What are the prime factors of m?
3
Let b(a) = -a**2 - 18*a - 11. What are the prime factors of b(-14)?
3, 5
Let r(g) be the second derivative of 11*g**3/6 - 5*g**2/2 - 4*g. Let j be r(6). Suppose 0 = 5*l - j - 19. List the prime factors of l.
2
Let u(j) = -j**3 + 5*j**2 - 4*j + 5. Let l be u(4). Suppose 2*k = -w + 118, -3*k - 2*k - w + 298 = 0. Suppose l*z - 5 = k. What are the prime factors of z?
13
Suppose -3*v + 18 = 2*t, -3*v + 2*t + 2 = -4. Let d be (6/4)/(2/v). Suppose b = z + 6, -d*z + z = -5*b + 30. List the prime factors of b.
2, 3
Let n(g) = 7*g**2 + 13*g + 5. Let a(u) = -10*u**2 - 19*u - 8. Let p(t) = -5*a(t) - 7*n(t). What are the prime factors of p(-6)?
17
Let o(y) = -4*y + 27. List the prime factors of o(-9).
3, 7
Suppose 0 = 4*u + 2 - 6. What are the prime factors of 16 - (3 + -1 - u)?
3, 5
Suppose -3*o + 0 - 6 = 0. What are the prime factors of (-18)/(-5) - o/5?
2
What are the prime factors of 1 + (-1)/4*(-72)/6?
2
Suppose 2*n - 4*n = -3*u - 15, -4*u = -4*n + 24. Let l(z) = -8*z - 2. List the prime factors of l(u).
2, 11
Let n = -14 + 14. Suppose 2*x = u - 5, 5*x + n*x + 35 = 4*u. What are the prime factors of u?
3, 5
Suppose u = s + 23, 0 = -s - 3*s + 12. Let g = -13 + u. List the prime factors of g.
13
Let l be 33/(-9) - 2/(-3). Let t be -2 - (l - 4/2). List the prime factors of 1 + 1 - t - -14.
13
List the prime factors of 274*(12/8)/3.
137
Suppose 18*d - 20*d = 78. Let j = 17 - d. List the prime factors of j.
2, 7
Suppose 0 = -2*t + 3*t - 3. Suppose 25 = 4*b + b. Suppose t*v + 4 = b*v. What are the prime factors of v?
2
Suppose -4*m - 8 = -5*m. What are the prime factors of (-3)/2 - (-44)/m?
2
Let c = 120 - 51. What are the prime factors of c?
3, 23
Suppose -2*l = -5*v + 35, 5*v = l - 6*l. Suppose 4*h + 2*g = 41 + 35, 30 = h - v*g. List the prime factors of h.
2, 5
Suppose 0*s = y - 4*s - 66, -4*y = s - 349. What are the prime factors of y?
2, 43
Let w be (2 - 5)/((-3)/2). Suppose -3*i - 5*q = -96, -i - 3*q + 90 = w*i. What are the prime factors of i?
3
Suppose 125 = 2*y + 3*y. List the prime factors of y.
5
Suppose 0*g = -4*g. Let a = -72 + 104. Suppose g*c - 4*c = -a. List the prime factors of c.
2
Suppose 0 = -6*p + p + 25. Let n(y) = -y**3 + 5*y**2 + 3. Let g be n(p). List the prime factors of (-13 + g)*(-2)/4.
5
Let v(f) = f**3 + 3*f**2 - 6*f + 3. Let m be v(-5). Let p = 5 + m. Let j = -4 - p. What are the prime factors of j?
2
Suppose -3*t + 8*t - 70 = 0. Suppose -z - 5*o + 18 = 0, t = -3*z + 2*o + 68. List the prime factors of z.
2, 3
What are the prime factors of 10 - ((-5)/(-5) + -2)?
11
Let d(n) = n**3 + 5*n**2 - 5*n - 3. Let s be d(-6). Let j = -2 - s. What are the prime factors of j?
7
Suppose 6*n - 2*n = 2*o + 18, -5*o - 3 = -3*n. Suppose 2*j - n*j = -32. List the prime factors of j.
2
Let i be (-388)/36 - 2/9. Let m = i + 7. Let r(h) = h**2 + 5*h + 6. List the prime factors of r(m).
2
Let l = 2 - -10. What are the prime factors of (-1048)/(-28) + l/(-28)?
37
Suppose 2*h - 3 = -1. What are the prime factors of (1 - h - -2) + 7?
3
Let j(s) = -2*s + 8. Let t = 7 - 0. Let l be j(t). Let c(u) = -u**2 - 7*u - 1. List the prime factors of c(l).
5
Suppose 0 = 14*g - 19*g. Suppose g = -5*p - 3*r + 4 + 26, 2*r - 1 = 3*p. What are the prime factors of p?
3
Let b(x) = 15*x**2 - x - 2. What are the prime factors of b(-1)?
2, 7
Suppose 6*o = 4*o + 36. Suppose -2*l + o = -h - 22, -2*h = 8. What are the prime factors of l?
2, 3
Suppose -2*c + 4*c = 8. Suppose 3*m + 2*m + c*d - 37 = 0, m = -5*d + 20. Suppose 32 = 4*l - 2*a + a, -3*l + 41 = -m*a. What are the prime factors of l?
7
Let p be (15/(-10))/(9/24). What are the prime factors of 8 - 2/p*6?
11
Let y = -5 + 15. Suppose -4*x + 1 = -15. Suppose -2*q + x*a = -30, a = q - 3 - y. List the prime factors of q.
11
Suppose -12 = -3*v - 0. Suppose -2*q + 5 = -3*w + v*w, 3*w = 2*q - 25. Suppose q*i = 5*b + 40, 2*i + 2*b = -b + 1